ivisor of 140 and 350.
70
What is the highest common factor of 204 and 12?
12
Calculate the greatest common divisor of 102 and 221.
17
What is the greatest common divisor of 1080 and 768?
24
Calculate the highest common factor of 48 and 888.
24
What is the highest common factor of 3382 and 4094?
178
What is the highest common divisor of 156 and 572?
52
What is the highest common divisor of 21 and 1344?
21
What is the highest common factor of 210 and 60?
30
Calculate the highest common divisor of 336 and 63.
21
What is the greatest common divisor of 694 and 4?
2
Calculate the greatest common divisor of 188 and 94.
94
What is the greatest common divisor of 18 and 22887?
9
What is the greatest common divisor of 38 and 532?
38
What is the highest common divisor of 1763 and 41?
41
What is the highest common factor of 1235 and 130?
65
Calculate the highest common factor of 2210 and 78.
26
Calculate the highest common factor of 35 and 4151.
7
What is the highest common divisor of 15 and 45?
15
What is the highest common divisor of 189 and 161?
7
Calculate the highest common divisor of 799 and 47.
47
What is the highest common factor of 21 and 123?
3
What is the highest common factor of 140 and 1020?
20
Calculate the greatest common divisor of 3766 and 14.
14
Calculate the greatest common factor of 3190 and 174.
58
What is the highest common factor of 3012 and 48?
12
Calculate the greatest common divisor of 477 and 4611.
159
What is the greatest common divisor of 6 and 114?
6
What is the highest common divisor of 7259 and 119?
119
What is the greatest common divisor of 15 and 1365?
15
Calculate the greatest common factor of 54 and 9.
9
Calculate the greatest common factor of 24 and 139008.
24
Calculate the highest common divisor of 2090 and 110.
110
Calculate the greatest common factor of 520 and 16.
8
What is the greatest common divisor of 12 and 7348?
4
What is the greatest common factor of 867 and 153?
51
What is the greatest common factor of 27 and 9?
9
Calculate the highest common divisor of 170 and 30.
10
Calculate the highest common factor of 46 and 27623.
23
Calculate the highest common divisor of 671 and 1891.
61
Calculate the highest common divisor of 11 and 649.
11
What is the greatest common divisor of 6324 and 306?
102
What is the greatest common factor of 30 and 705?
15
Calculate the greatest common factor of 814 and 74.
74
What is the greatest common factor of 477 and 1749?
159
Calculate the greatest common factor of 21 and 3472.
7
Calculate the greatest common factor of 1107 and 216.
27
Calculate the greatest common divisor of 847 and 126.
7
What is the highest common factor of 77 and 385?
77
What is the greatest common factor of 9484 and 4?
4
What is the greatest common factor of 54534 and 149?
149
What is the greatest common factor of 320 and 30?
10
What is the greatest common factor of 168 and 3?
3
Calculate the greatest common factor of 110 and 30.
10
What is the highest common factor of 200 and 24?
8
Calculate the highest common divisor of 20 and 22340.
20
Calculate the highest common factor of 1157 and 39.
13
What is the highest common factor of 99 and 41679?
99
What is the greatest common factor of 40 and 60?
20
Calculate the greatest common divisor of 160 and 3040.
160
Calculate the highest common factor of 720 and 5.
5
Calculate the greatest common divisor of 35 and 21.
7
Calculate the greatest common divisor of 12 and 15.
3
What is the highest common divisor of 14 and 21959?
7
What is the greatest common factor of 1152 and 306?
18
Calculate the highest common factor of 688 and 215.
43
What is the highest common divisor of 2653 and 7?
7
Calculate the highest common divisor of 96 and 15.
3
Calculate the greatest common factor of 375 and 15.
15
Calculate the greatest common factor of 1827 and 28.
7
Calculate the greatest common factor of 33 and 12.
3
Calculate the highest common divisor of 228 and 84.
12
What is the highest common factor of 1695 and 15?
15
What is the highest common divisor of 14292 and 36?
36
Calculate the greatest common divisor of 170 and 50.
10
Calculate the greatest common divisor of 1342 and 793.
61
What is the greatest common factor of 1183 and 7436?
169
What is the highest common factor of 6 and 386?
2
Calculate the greatest common divisor of 668 and 501.
167
Calculate the highest common divisor of 56 and 1302.
14
Calculate the highest common divisor of 11032 and 42.
14
What is the greatest common factor of 1332 and 792?
36
What is the greatest common divisor of 38 and 1862?
38
What is the highest common factor of 3016 and 145?
29
Calculate the greatest common divisor of 44320 and 160.
160
Calculate the greatest common factor of 64 and 7648.
32
What is the greatest common factor of 31209 and 101?
101
What is the greatest common factor of 33 and 77?
11
Calculate the highest common divisor of 40 and 40.
40
What is the highest common divisor of 23161 and 95?
19
What is the greatest common factor of 7590 and 12?
6
Calculate the greatest common divisor of 4542 and 12.
6
What is the greatest common divisor of 693 and 63?
63
Calculate the greatest common divisor of 246 and 30.
6
What is the highest common factor of 438 and 6?
6
Calculate the highest common factor of 248 and 1.
1
What is the highest common divisor of 12 and 260?
4
What is the greatest common factor of 58 and 145?
29
What is the highest common factor of 812 and 224?
28
What is the greatest common factor of 9 and 397?
1
What is the greatest common factor of 507 and 2704?
169
What is the highest common factor of 864 and 32?
32
Calculate the greatest common divisor of 24 and 23.
1
Calculate the highest common factor of 1560 and 5928.
312
Calculate the highest common factor of 72 and 8.
8
Calculate the greatest common divisor of 1749 and 106.
53
What is the greatest common factor of 15030 and 30?
30
What is the greatest common factor of 18 and 14952?
6
What is the greatest common divisor of 21 and 1022?
7
What is the greatest common factor of 1365 and 105?
105
Calculate the highest common factor of 88 and 99.
11
What is the greatest common factor of 768 and 72?
24
Calculate the greatest common factor of 7775 and 10.
5
Calculate the greatest common divisor of 21 and 159.
3
What is the greatest common divisor of 30 and 195?
15
Calculate the greatest common factor of 481 and 370.
37
What is the greatest common factor of 234 and 312?
78
What is the greatest common factor of 3340 and 40?
20
What is the highest common divisor of 638 and 110?
22
What is the highest common factor of 8351 and 14?
7
Calculate the greatest common factor of 228 and 96.
12
What is the highest common divisor of 136 and 1156?
68
Calculate the highest common divisor of 75 and 15.
15
Calculate the highest common divisor of 30387 and 21.
21
Calculate the highest common factor of 13604 and 152.
76
What is the greatest common factor of 78 and 2379?
39
What is the highest common divisor of 80 and 400?
80
Calculate the greatest common factor of 53464 and 163.
163
Calculate the greatest common divisor of 343 and 14.
7
What is the highest common divisor of 152 and 779?
19
Calculate the highest common divisor of 39 and 1612.
13
Calculate the greatest common divisor of 16 and 12.
4
Calculate the greatest common factor of 2057 and 55.
11
What is the highest common factor of 134 and 28274?
134
What is the highest common factor of 4 and 86?
2
What is the highest common divisor of 1767 and 62?
31
Calculate the highest common divisor of 286 and 242.
22
Calculate the greatest common divisor of 72 and 333.
9
What is the greatest common divisor of 12 and 254?
2
Calculate the greatest common divisor of 9292 and 184.
92
Calculate the greatest common factor of 4375 and 35.
35
What is the greatest common factor of 552 and 3450?
138
What is the highest common divisor of 29 and 26332?
29
Calculate the greatest common divisor of 3 and 4.
1
Calculate the greatest common divisor of 1905 and 1397.
127
Calculate the greatest common divisor of 279 and 1612.
31
What is the highest common factor of 22389 and 102?
51
Calculate the highest common divisor of 731 and 68.
17
Calculate the greatest common divisor of 39 and 2483.
13
What is the greatest common factor of 96 and 64?
32
Calculate the greatest common di